g = 2201 - 1281. List the prime factors of g.
2, 5, 23
Let m = -793 - -989. List the prime factors of m.
2, 7
Suppose -3*k - 4*p + 2907 = 0, 6 + 6 = 4*p. Let n be k/(-15) - (-2)/(-3). Let t = 91 + n. What are the prime factors of t?
2, 13
Let i be 0/(1 - (-2 + 4)). Let z(f) = f**3 + 3*f**2 - 13*f - 12. Let d be z(-5). Suppose i = -0*r - d*r + 96. What are the prime factors of r?
2
Let u be (1 - 12)*-1 + 1. Let m(s) = -2*s - 7. Let f be m(-6). Suppose -f*t + t = -u, -c + t + 61 = 0. List the prime factors of c.
2
Suppose -2*k - 1 = -3*k, -5*k = -3*y - 11. Let c be (112/(-12))/(y/9). Suppose 0 = 2*i - c - 2. List the prime factors of i.
2, 11
Suppose -6653 - 3032 = -13*z. What are the prime factors of z?
5, 149
Let d(p) = -2*p**2 + 9*p + 15. Let l be d(7). What are the prime factors of (((-176)/l)/4)/((-2)/(-10))?
11
Suppose -2*j + 603 = -2*d - 305, 4*d = -3*j + 1376. Suppose j = 2*u - 2*h, 0 = 3*u - u + 2*h - 444. List the prime factors of u.
3, 5
Let g = -5133 + 7752. What are the prime factors of g?
3, 97
Let x = 6032 - 904. List the prime factors of x.
2, 641
What are the prime factors of ((-264740)/(-24))/5 + 2/(-12)?
2, 1103
Suppose 3*l - 5*s - 42 + 16 = 0, -4*l - s + 4 = 0. Suppose -c = 7 + l. Let n = 7 - c. List the prime factors of n.
2
Let s = -335 + 236. Let t = -65 - s. List the prime factors of t.
2, 17
Let n = 10 + -10. Let i(f) = -f + 2. Let g be i(n). Suppose -4*s = -v - 9*s + 7, 4 = 3*v - g*s. What are the prime factors of v?
2
What are the prime factors of 2706 - ((-5)/15)/((-1)/(-9))?
3, 7, 43
Let d(p) = 6*p - 14. Let b be d(4). List the prime factors of (2 + -1 + -2)*(b + -96).
2, 43
List the prime factors of ((-4)/(-6))/(44/54714).
829
Let v = 327 + -222. What are the prime factors of v?
3, 5, 7
Suppose 3*f + 6 - 15 = 0. Suppose -t + 1 = 2*b - 110, -f*b + 9 = 0. List the prime factors of t.
3, 5, 7
Let t be 4/18 + ((-806)/(-18) - -2). Suppose 83 = t*r - 46*r. What are the prime factors of r?
83
Suppose -43548 = -87*t - 222. List the prime factors of t.
2, 3, 83
Let o(f) = 10*f**2 - 108*f + 40. What are the prime factors of o(28)?
2, 607
Let o(x) = 12*x**2 - 10. Let u be o(5). Let b = u + -105. Suppose 5*n - 5*z = b, 3*n - 9 = 2*z + 107. List the prime factors of n.
2, 3, 7
Let l = 988 + -729. What are the prime factors of l?
7, 37
Suppose -4*w - 763 - 1081 = -q, 0 = 2*w. What are the prime factors of q?
2, 461
Let d = -359 - -675. List the prime factors of 2/(4 - 1256/d) - -1.
2, 5
List the prime factors of ((-6)/(-2) - -2) + 154*2.
313
Suppose -10 = -2*y - 0*y. Suppose y*m - 24 = -9. Let z(h) = -h**3 + 7*h**2 - 3*h + 2. List the prime factors of z(m).
29
Let u be 3 + -3 + 6 + -4. Suppose 2*n - 104 = -2*f, 0 = u*f + 4*n - 3*n - 107. Let i = -25 + f. List the prime factors of i.
2, 3, 5
Suppose -j + 7 = 2. Suppose 4*y - 118 + 31 = 5*p, -j*y + 165 = 5*p. List the prime factors of y.
2, 7
Let i be (-1)/1*(-29 - -18). Let d(f) be the second derivative of f**3/3 - 15*f**2/2 + f. List the prime factors of d(i).
7
Let b = 638 - 453. Suppose -b = -4*r + 3*s, -91 = -2*r + s - 0*s. Suppose -5*g + 11 = -r. What are the prime factors of g?
11
Suppose 31*c = 35*c - 3016. What are the prime factors of c?
2, 13, 29
List the prime factors of (-414)/10*(-4 + (5 - 26)).
3, 5, 23
Let p(c) be the third derivative of c**4/12 - 35*c**3/6 + 16*c**2. List the prime factors of p(20).
5
Let z(x) = -14*x - 16. Let k be z(-5). Let v = k + 52. List the prime factors of v.
2, 53
Let u(c) be the second derivative of -c**5/20 + c**4 - 5*c**3/2 + 10*c**2 - c. What are the prime factors of u(10)?
2, 5, 7
Suppose 5*k - 2*g = 3881 + 5017, 2*g + 8 = 0. List the prime factors of k.
2, 7, 127
Suppose 2*p = 3 - 5, 2*i = 2*p + 20. Suppose i*b + 28 = 11*b. What are the prime factors of b?
2, 7
Suppose 5*t + 4 = 4*r, 1 - 4 = 3*t - 3*r. Suppose t = -5*k + p + 165, -62 = -2*k - p - 3. List the prime factors of k.
2
Let v(r) be the first derivative of -1/2*r**2 + 2*r**3 - 1/4*r**4 + 14 + 13*r. List the prime factors of v(6).
7
Let m(g) = 5*g - 26. Suppose -3*o = o - 24. What are the prime factors of m(o)?
2
Let j(o) = -958*o + 3. List the prime factors of j(-6).
3, 71
Let o be 2/4 + (-1284)/(-24). Suppose -29*b + o = -26*b. List the prime factors of b.
2, 3
Let q(h) = -3*h**2 - 2*h + 3. Let z be q(-3). Let f be 968/z + 6/(-27). Let y = -13 - f. What are the prime factors of y?
41
Let m = 11 + -10. Suppose 2*k - 15 = -3*p + 28, -m = -p. Let d = k - -3. List the prime factors of d.
23
Suppose 0 = -3*r - r + 8. Suppose 11*p - 12*p - 2 = 0. List the prime factors of r - (-48)/(p/(-1)).
2, 13
Suppose 40*s - 13304 = 39576. List the prime factors of s.
2, 661
What are the prime factors of (((-231)/(-28))/11)/((-4)/(-8832))?
2, 3, 23
Suppose -2 = -5*a + 13. Suppose 3*u - 239 = -4*s, 2*s - 101 = a*u + 14. What are the prime factors of s?
59
Let o = 12168 - 8528. List the prime factors of o.
2, 5, 7, 13
Suppose -13 = 10*b - 93. Let i(u) be the second derivative of -u**5/20 + 5*u**4/6 - 5*u**3/3 - 11*u**2/2 + u. What are the prime factors of i(b)?
37
Suppose 97 - 25 = 12*q. List the prime factors of q.
2, 3
Suppose -173*o = -188*o + 30030. List the prime factors of o.
2, 7, 11, 13
List the prime factors of 1517 + 10 + (-12 - -5).
2, 5, 19
Let o be (-10)/50 + 1841/5. Suppose 0 = -4*v - 4*q + o, -2*v - 176 = -4*v + 2*q. List the prime factors of v.
2, 3, 5
Suppose -4*r - 4*o + 3210 - 82 = 0, 2*o - 781 = -r. What are the prime factors of r?
3, 29
Let w(f) = f**2 - 6*f + 5. Let n be w(5). List the prime factors of ((-5)/15)/(n + (-1)/129).
43
Suppose 0 = 4*z - 4*y + 7*y - 5414, 2*z = -5*y + 2700. List the prime factors of z.
5, 271
Let t(n) = n**3 + n**2 - n - 46. Let s be t(0). Let b = s - 433. List the prime factors of b/(-9) - 22/99.
53
Let n(r) = r**2 - 2*r - 13. Let g be (-3)/15*-5 - -6. What are the prime factors of n(g)?
2, 11
Let i be (-4)/(-4) + -3 - -4. What are the prime factors of (-2336)/16*(-1)/i?
73
Suppose 3*d - 2*n - 3822 = 0, n = 4*n - 9. What are the prime factors of d?
2, 11, 29
Suppose 4*b - 6*w = -w - 7, 5*w - 19 = -2*b. Suppose l + 1 - 3 = 0. Suppose l*u = 5*g + 65, 0 = u + 3*g + b*g + 5. List the prime factors of u.
2, 5
Suppose -17*s - 4650 = -18*s + k, 13954 = 3*s - 2*k. What are the prime factors of s?
2, 13, 179
Suppose 145 = 5*s - 3*c, -3*s - c = c - 68. Suppose 4*h = 6 + s. What are the prime factors of h?
2
Suppose 0 = 5*n + 4*i - 2140, -427 = -12*n + 11*n - i. What are the prime factors of n?
2, 3
Let p(h) = 6*h**2 - 2*h - 5. Let c be p(3). Suppose -4*q - 154 = -5*f, 2*f - 115 = -q - c. List the prime factors of f.
2, 17
Let l be (4 + 18/(-4))*(-2)/(-1). What are the prime factors of (497/(-21))/(l/6)?
2, 71
Suppose 0 = -2*u - 2*m, 0 = 2*u + 5*m + 7 + 8. Suppose z - 561 = -u*i - 32, 3*z = -3*i + 315. What are the prime factors of i?
2, 53
Let d(v) = -5*v**2 + 7*v + 7. Let u be d(4). What are the prime factors of (-2)/5 + ((-7983)/u - -5)?
2, 7, 13
Let g be -2 - (-19*7 + 1). Let n = 142 - 63. Let b = g - n. What are the prime factors of b?
3, 17
Let g(d) = -5*d + 25. Let l be g(4). Suppose 228 = 11*o - l*o. List the prime factors of o.
2, 19
Let d be 1252/20 + 2/5. Let q be 106/(-4) - 6/(-12). Let f = d + q. List the prime factors of f.
37
Let i(w) = w**3 - 5*w**2 + 4*w + 9. Let s be i(4). Let x(l) = l**2 - 3*l - 16. What are the prime factors of x(s)?
2, 19
List the prime factors of -1379*(50/(-35))/5.
2, 197
Let j(g) = g**2 - g + 6. Let l be j(6). Let d = -3 + 6. Suppose 0*a + l = d*a. List the prime factors of a.
2, 3
Suppose -2601 = -45*m + 36*m. What are the prime factors of m?
17
Suppose 5*o + 1544 = 2*j, -6*o = -2*j - 5*o + 1528. What are the prime factors of j?
2, 3, 127
Suppose x + 383 = 137. What are the prime factors of (1/(4/106))/((-41)/x)?
3, 53
Suppose -30*r + 14270 + 8950 = 0. What are the prime factors of r?
2, 3, 43
What are the prime factors of (2482/(-85))/((-2)/60)?
2, 3, 73
Let g(l) = -13*l**2 + 18 - 4*l - 2*l**3 + 1 + 2. List the prime factors of g(-7).
2, 7
Let r(f) = 15*f**3 + 2*f + 3. Let u be r(-1). What are the prime factors of ((-608)/6)/(u/21)?
2, 19
What are the prime factors of (-1 - -34)/(61/2867)?
3, 11, 47
Suppose -2*f = q - 4217, 3932 = 3*q - 3*f - 8746. What are the prime factors of q?
41, 103
Suppose 3*y + 2*x -